is the tens digit of k?
3
Let c = -27244 + 48191. What is the thousands digit of c?
0
Let n be 1120/72*249 - (-2)/3. Suppose -3*y = -2*v - 3546, -3*y - 307 + n = 5*v. What is the tens digit of y?
8
Let j(s) = -s**2 - 18*s + 21. Suppose 0 = -2*c - 2*p - 30, 2*c - 5*p + 32 = -6*p. What is the units digit of j(c)?
8
Let c = 39 + -34. Suppose c*n - 76 = -16. Let u(h) = 19*h - 27. What is the tens digit of u(n)?
0
Let m(f) = -f**2 - 2*f - 15*f + 2*f + 9 + 3*f**2. Suppose 3*j = -9 + 30. What is the units digit of m(j)?
2
Let n(y) = 3*y**2 + 6*y + 4. Let p be n(-2). Suppose -5 - 1 = -t - 5*x, 4*x + 30 = 5*t. Suppose t*o - p*o - 24 = 0. What is the units digit of o?
2
Suppose -186*l = -158*l - 141708. What is the thousands digit of l?
5
Let k(f) = 276*f**2 + 55*f + 4. Let t be k(6). Suppose t = -w + 14*w. What is the tens digit of w?
9
Let r = -3880 + 8461. What is the hundreds digit of r?
5
Let i(d) = d**3 + 2. Let a be i(0). Suppose -a*g + 13 - 3 = 0. Suppose 6*h - 360 = h + g*p, -5*h + 342 = p. What is the units digit of h?
9
Let b(k) = k**3 - 9*k. Let s be (1 - 2)/(4/12*1). Let h be b(s). Suppose -g - 37 + 230 = h. What is the hundreds digit of g?
1
Let f = -224 - -220. What is the units digit of f/3*(-2289)/14?
8
Let j(a) = 6*a**2 + 6*a + 35. Let d be j(-7). Suppose -2*m - d - 41 = 0. Let c = -1 - m. What is the hundreds digit of c?
1
Let j(r) = 195 + 196 - 392 + 148*r**2 - r. What is the tens digit of j(-2)?
9
Let g(q) = 14*q**2 + 20*q - 178. What is the tens digit of g(-9)?
7
Let n(v) = 25*v**3 + v**2 - 5*v - 2. Let h(u) = 24*u**3 - 6*u - 2. Let t(w) = -3*h(w) + 4*n(w). Let r be t(2). What is the units digit of (-1 - 2)/((-13)/r)?
4
Let t = 12731 - 3685. What is the hundreds digit of t?
0
Let r(w) = -1265*w - 9713. What is the ten thousands digit of r(-22)?
1
Let u(l) be the third derivative of -l**6/120 - 7*l**5/60 + 25*l**4/24 + 11*l**3/2 + 119*l**2. What is the tens digit of u(-11)?
4
Let w = 6300 + 5566. What is the ten thousands digit of w?
1
What is the units digit of (289 - 400)*((-1004)/(-3))/(-4)?
7
Suppose -11 = -2*b - 5. Suppose 4*i = 9*p - 8*p - 714, 2*p - 1450 = -b*i. Suppose 5*s + f - p = 0, 5*s - f = s + 583. What is the units digit of s?
5
Let i be ((-2)/6)/((-1)/1)*0. Suppose -o = -w - 34, i*w - 126 = 4*w + o. What is the tens digit of (-2 - w/18) + (-714)/(-54)?
1
Let l = -3072 - -5482. What is the hundreds digit of l?
4
What is the units digit of (2/(-12))/(3/(-9))*(109528 + -1246)?
1
Let t(h) be the third derivative of h**4/8 + 2*h**3/3 - 2*h**2. Let x be 6/2 + 0 - 0. What is the tens digit of t(x)?
1
Suppose 0 = -63*p - 138*p + 9135249. What is the ten thousands digit of p?
4
Suppose a - o + 11 = o, -3*a = 4*o - 17. Let c be ((-76)/(5 + a))/(-1). Suppose 261 = c*p - 16*p. What is the tens digit of p?
8
Let j = 204 - 179. Suppose j*k = 8755 + 8970. What is the units digit of k?
9
Suppose -9*u = -4*u + 300. Let v be (-1032)/96 - 1/4. Let j = v - u. What is the tens digit of j?
4
Let l be 188/(-36) + 8/36. Let z be (-11)/(-3) - (l/15 + 0). What is the tens digit of 342/z + -2 + 6/4?
8
Let u = 1553 - 1015. Let t = 321 + u. What is the tens digit of t?
5
Let h = -52720 - -91055. What is the ten thousands digit of h?
3
Suppose 5*z + d - 72 - 100 = 0, 2*z = 4*d + 82. Suppose 3*o - z = -29. What is the units digit of (-18)/30 + 653/5 + o?
2
Suppose -912 = -2*l + 2*q, -4*q + 185 - 1115 = -2*l. What is the units digit of l?
7
Let j(p) = -p**3 + 11*p**2 - p + 7. Let w be j(11). Let q be (w + 3 - -2)*19. Suppose -4*b - h - q = -162, b - 23 = 4*h. What is the units digit of b?
5
Let i(b) = b**3 - 5*b**2 - 6*b - 1. Let d be i(6). Let o(z) = 3*z - 4. Let p be o(d). Let v = p + 24. What is the tens digit of v?
1
Let g = 24223 - 6410. What is the ten thousands digit of g?
1
Let p be 3*2*(-2)/6. Let c be -5 + (p - -5) - 2*-2. Suppose 0 = u + 3*u + c*o - 46, 4*u = -o + 49. What is the tens digit of u?
1
What is the units digit of (-15)/(390/(-4)) - (-543280)/104?
4
Let o be 5/((-385)/130 - -3). Let d be 7/21 + (-484)/(-6). Suppose n - o = -2*r + 3*n, -3*n = r - d. What is the tens digit of r?
6
Suppose -44*a = -50*a + 2082. Suppose 194 = x - a. What is the tens digit of x?
4
What is the units digit of ((-27534)/30 + -8)/(3/(-45))?
7
Let q(m) = -522*m + 61. Let y = 528 + -530. What is the units digit of q(y)?
5
Suppose 82 = 2*w - 4*y, -4*w + 10*y - 11*y = -173. Suppose 50523 + 7914 = w*t. What is the hundreds digit of t?
3
Let n = 118 - 56. Suppose 17*k - 16*k - 574 = -5*t, 3*t - k - 338 = 0. Let o = t - n. What is the tens digit of o?
5
Let q(h) = 15906*h**2 - 141*h - 274. What is the units digit of q(-2)?
2
Suppose -4*b - 27844 = -c, 5*b + 17963 = -c + 45771. What is the ten thousands digit of c?
2
Let d = 12126 + -4896. What is the tens digit of d?
3
Suppose 5*k + 14929 = 4829. What is the tens digit of (-1)/(k/(-674) - 3)?
3
Let x(m) = 122*m**2 + 36*m - 42. What is the tens digit of x(14)?
7
Let d(i) = 3*i**3 + 2*i**2 - 4*i + 2. Let v be d(1). Suppose -4*z + 2*c + 2102 = 3*c, -v*z + 1571 = -2*c. Suppose -z = 6*t - 11*t. What is the tens digit of t?
0
Suppose -5*j + 2*j = -4*u + 208, 0 = -2*u + 2*j + 106. What is the hundreds digit of 9107/u + 3/21?
1
What is the thousands digit of 9/(189/349118) + 46/(-69)?
6
Let s = 42924 - 23306. What is the ten thousands digit of s?
1
Let v be 0*((-15)/9 - (-120)/45). Suppose -i + 2*i = 360. Suppose v = -0*x - 2*x + i. What is the hundreds digit of x?
1
Suppose 0 = h - 5 - 9. Let o = -129 - -125. What is the hundreds digit of h/o*(6 + -54)?
1
Let m(k) be the first derivative of 0*k**2 - 1/3*k**3 - 2 + 53*k. What is the units digit of m(0)?
3
Suppose -5*h = -4*o - 58494, -2*h - 47*o + 48*o + 23394 = 0. What is the units digit of h?
4
Let w = 675 + -3962. Let o = -1730 - w. What is the tens digit of o?
5
Let g(a) = -a**2 - 15*a + 20. Let y be g(-13). Suppose 55*t - 4140 = y*t. What is the tens digit of t?
6
Suppose 4*d + d + 90 = -5*b, -2*b - 54 = 3*d. Let y be -2*1/9 + (-40)/d. Suppose y*r = -5*k + 955, -4*k - k + 985 = -4*r. What is the tens digit of k?
9
Suppose -59 = 8*s - 10*s + 3*c, 5*s + 5*c = 85. Suppose s*p + 15372 = 50*p. What is the units digit of p?
9
What is the tens digit of 48818/(-44)*(-2*5 + 2)?
7
Let u(t) = -t**3 - 20*t**2 - 36*t - 590. What is the hundreds digit of u(-32)?
8
Suppose 34*j + 139 = 6429. Suppose -3*t = 4*i - 8*t - 439, t + 3 = 0. Let g = j - i. What is the units digit of g?
9
Let a = 283 - 270. Suppose -3*x + a*x = 2820. What is the hundreds digit of x?
2
What is the hundreds digit of ((-20)/6)/((-7)/966*56/938)?
7
Let v(r) = 126*r**2 - 5*r + 3. Let y = 182 + -184. What is the units digit of v(y)?
7
Suppose -7209 = -f + 4*g, -f + 7865 - 664 = -2*g. What is the tens digit of f?
9
Let j be (-12)/30 + 32/5. Let w be 2 + -6 + j + -2. Suppose -g - 118 = -2*s, w = 3*s - 5*g - 0*g - 177. What is the units digit of s?
9
Let p be -4 + (-2)/5 + (-38298)/(-195). Suppose p + 91 = q. What is the hundreds digit of q?
2
Let v be (-1009052)/(-1140) + 2/(-15). Let y = 1748 - v. What is the hundreds digit of y?
8
Suppose -g - 3*g + 32 = 0. Suppose -g*b + 20 = -20. Suppose 0 = -5*l - 5*j + 690, b*l - 1017 = -j - 339. What is the tens digit of l?
3
Suppose 32284 = 115*y - 15096. What is the tens digit of y?
1
Suppose -17*w = -18*w + 56. Suppose w*i - 56992 = -16840. What is the units digit of i?
7
Let m = -10007 - -17254. What is the hundreds digit of m?
2
Let d = -89 - -98. Suppose -2*i = -10, 0 = 6*b - d*b + 2*i + 380. What is the tens digit of b?
3
Let u(b) = 15378*b - 137. What is the tens digit of u(1)?
4
What is the thousands digit of (622/(-18)*-33)/(5/90)?
0
Suppose 0 = -22*k + 13*k + 1152. Suppose 131*j - 9 = k*j. Suppose -8*l + 355 = -j*l. What is the units digit of l?
1
Suppose 18*k - 20*k = -12. Let x be (-2*k/8)/((-2)/(-8)). What is the tens digit of (-168)/(-27) + x + (-1616)/(-18)?
9
Let f = 2937 - 2307. What is the tens digit of f?
3
Let k(m) = -2*m**3 + m**2 - m + 2. Let t be k(0). Suppose -2*q - 108 = -t*h + 3*q, 204 = 5*h + 4*q. What is the tens digit of (h/20)/((-1)/(-35))?
7
Let r(y) = 70*y - 1590. What is the units digit of r(25)?
0
Let v be 65/2 + 85/(-34). Suppose -4*k - v = -7*k. Let t(b) = b**3 - 9*b**2 + 4*b + 15. What is the tens digit of t(k)?
5
Let n be (1 -